2290738.
2, 1145369
What are the prime factors of 1014456?
2, 3, 43, 983
What are the prime factors of 6183026?
2, 227, 13619
List the prime factors of 13150390.
2, 5, 11, 119549
List the prime factors of 84536.
2, 10567
List the prime factors of 500592.
2, 3, 10429
List the prime factors of 144898.
2, 13, 5573
List the prime factors of 798703.
19, 127, 331
List the prime factors of 393688.
2, 49211
List the prime factors of 2547287.
941, 2707
What are the prime factors of 1193989?
1193989
List the prime factors of 221441.
11, 41, 491
List the prime factors of 1419004.
2, 354751
List the prime factors of 3008407.
743, 4049
List the prime factors of 3547299.
3, 7, 31, 5449
List the prime factors of 1914578.
2, 957289
List the prime factors of 233809.
229, 1021
What are the prime factors of 1661994?
2, 3, 92333
List the prime factors of 265819.
265819
List the prime factors of 376708.
2, 41, 2297
What are the prime factors of 21441267?
3, 17, 23, 677
List the prime factors of 1884637.
17, 59, 1879
What are the prime factors of 317629?
13, 53, 461
List the prime factors of 544354.
2, 47, 5791
What are the prime factors of 379662?
2, 3, 63277
List the prime factors of 8047554.
2, 3, 1341259
List the prime factors of 12395115.
3, 5, 275447
What are the prime factors of 7279949?
1291, 5639
List the prime factors of 1141982.
2, 570991
What are the prime factors of 205485?
3, 5, 7, 19, 103
What are the prime factors of 8272914?
2, 3, 13, 17, 367
List the prime factors of 666453.
3, 222151
List the prime factors of 11159965.
5, 109, 20477
List the prime factors of 1082732.
2, 7, 38669
What are the prime factors of 1028856?
2, 3, 163, 263
What are the prime factors of 565664?
2, 11, 1607
List the prime factors of 9275776.
2, 72467
List the prime factors of 23291619.
3, 13, 597221
List the prime factors of 4596607.
4596607
List the prime factors of 876554.
2, 7, 17, 29, 127
What are the prime factors of 11211012?
2, 3, 239, 1303
List the prime factors of 10533552.
2, 3, 31, 7079
What are the prime factors of 1633517?
367, 4451
What are the prime factors of 7067108?
2, 47, 37591
What are the prime factors of 23913756?
2, 3, 664271
List the prime factors of 22027856.
2, 31, 89, 499
What are the prime factors of 112785?
3, 5, 73, 103
What are the prime factors of 3571862?
2, 7, 255133
What are the prime factors of 1440726?
2, 3, 7, 34303
What are the prime factors of 170240?
2, 5, 7, 19
What are the prime factors of 359455?
5, 29, 37, 67
What are the prime factors of 197593?
11, 23, 71
What are the prime factors of 9159314?
2, 4579657
List the prime factors of 217329.
3, 7, 79, 131
List the prime factors of 203469.
3, 7, 9689
What are the prime factors of 1755454?
2, 17, 51631
List the prime factors of 51221.
17, 23, 131
What are the prime factors of 5242673?
5242673
List the prime factors of 5783847.
3, 19, 29, 3499
What are the prime factors of 1745338?
2, 7, 59, 2113
What are the prime factors of 4032407?
4032407
List the prime factors of 43793.
43793
What are the prime factors of 408081?
3, 136027
List the prime factors of 25714.
2, 13, 23, 43
What are the prime factors of 5504238?
2, 3, 191, 1601
What are the prime factors of 949119?
3, 316373
What are the prime factors of 1628302?
2, 13, 62627
What are the prime factors of 1950429?
3, 13, 3847
List the prime factors of 4094078.
2, 2047039
What are the prime factors of 255241?
7, 5209
List the prime factors of 117209.
117209
List the prime factors of 1360129.
29, 46901
List the prime factors of 11860.
2, 5, 593
What are the prime factors of 2313801?
3, 7, 19, 1933
List the prime factors of 6140548.
2, 1535137
What are the prime factors of 906068?
2, 31, 7307
What are the prime factors of 744177?
3, 7, 35437
What are the prime factors of 23528705?
5, 311, 15131
What are the prime factors of 20211038?
2, 307, 32917
List the prime factors of 9213575.
5, 7, 17, 19, 163
List the prime factors of 166774.
2, 61, 1367
List the prime factors of 471895.
5, 94379
What are the prime factors of 853194?
2, 3, 53, 2683
List the prime factors of 1272140.
2, 5, 63607
What are the prime factors of 551417?
191, 2887
List the prime factors of 611931.
3, 203977
List the prime factors of 3098657.
41, 75577
List the prime factors of 38011.
38011
List the prime factors of 714708.
2, 3, 19853
List the prime factors of 6051115.
5, 7, 83, 2083
What are the prime factors of 360582?
2, 3, 19, 3163
List the prime factors of 386028.
2, 3, 10723
List the prime factors of 2448827.
2448827
What are the prime factors of 2195399?
2195399
What are the prime factors of 628475?
5, 23, 1093
What are the prime factors of 1915055?
5, 383011
List the prime factors of 366809.
17, 21577
What are the prime factors of 7408899?
3, 373, 2207
What are the prime factors of 413630?
2, 5, 7, 19, 311
List the prime factors of 23021792.
2, 409, 1759
What are the prime factors of 190123?
31, 6133
List the prime factors of 724394.
2, 11, 19, 1733
What are the prime factors of 130819?
13, 29, 347
List the prime factors of 119396.
2, 19, 1571
What are the prime factors of 3404403?
3, 17, 7417
What are the prime factors of 17986445?
5, 19, 59, 3209
What are the prime factors of 2471863?
2471863
What are the prime factors of 2190674?
2, 239, 4583
List the prime factors of 509147.
509147
List the prime factors of 544293.
3, 19, 1061
List the prime factors of 130346.
2, 65173
What are the prime factors of 11430790?
2, 5, 7, 61, 2677
What are the prime factors of 77792?
2, 11, 13, 17
List the prime factors of 305427.
3, 61, 1669
List the prime factors of 2779598.
2, 1129, 1231
List the prime factors of 193560.
2, 3, 5, 1613
What are the prime factors of 413524?
2, 67, 1543
List the prime factors of 9565952.
2, 11, 43, 79
List the prime factors of 114490.
2, 5, 107
List the prime factors of 17975204.
2, 13, 43, 8039
What are the prime factors of 60861?
3, 20287
What are the prime factors of 10678246?
2, 5339123
List the prime factors of 18691.
18691
What are the prime factors of 402899?
7, 57557
What are the prime factors of 1143012?
2, 3, 13, 17, 431
List the prime factors of 1469115.
3, 5, 32647
What are the prime factors of 10751264?
2, 19, 17683
What are the prime factors of 2693864?
2, 41, 43, 191
What are the prime factors of 23915750?
2, 5, 271, 353
What are the prime factors of 251608?
2, 7, 4493
List the prime factors of 388153.
131, 2963
What are the prime factors of 182308?
2, 7, 17, 383
What are the prime factors of 1656331?
181, 9151
What are the prime factors of 19178860?
2, 5, 29, 43, 769
What are the prime factors of 17827738?
2, 19, 61, 7691
List the prime factors of 833130.
2, 3, 5, 9257
What are the prime factors of 606577?
17, 31, 1151
What are the prime factors of 149458?
2, 74729
List the prime factors of 1808913.
3, 602971
What are the prime factors of 5959706?
2, 569, 5237
List the prime factors of 2003019.
3, 667673
List the prime factors of 11286270.
2, 3, 5, 41801
List the prime factors of 7322373.
3, 103, 2633
What are the prime factors of 1494398?
2, 747199
What are the prime factors of 49297?
49297
List the prime factors of 3709354.
2, 11, 139, 1213
List the prime factors of 611935.
5, 122387
List the prime factors of 2955554.
2, 7, 107, 1973
List the prime factors of 151822.
2, 11, 67, 103
What are the prime factors of 75642?
2, 3, 7, 1801
What are the prime factors of 457277?
457277
What are the prime factors of 46592?
2, 7, 13
List the prime factors of 280012.
2, 70003
What are the prime factors of 830057?
251, 3307
What are the prime factors of 3517772?
2, 853, 1031
List the prime factors of 3661566.
2, 3, 19, 32119
What are the prime factors of 12093157?
2617, 4621
What are the prime factors of 1690098?
2, 3, 281683
List the prime factors of 23774288.
2, 271, 5483
List the prime factors of 2753455.
5, 550691
What are the prime factors of 18060548?
2, 11, 139, 2953
List the prime factors of 5216.
2, 163
List the prime factors of 234598.
2, 7, 13, 1289
List the prime factors of 215191.
215191
List the prime factors of 898998.
2, 3, 269, 557
What are the prime factors of 1407704?
2, 175963
What are the prime factors of 624022?
2, 7, 29, 53
List the prime factors of 139089.
3, 71, 653
What are the prime factors of 2371012?
2, 7, 1